 remainder when 1245373 is divided by 2521.
2520
Calculate the remainder when 553866 is divided by 138352.
458
Calculate the remainder when 4472677 is divided by 118.
5
What is the remainder when 108792 is divided by 10341?
5382
What is the remainder when 30156575 is divided by 20?
15
Calculate the remainder when 72332089 is divided by 1411.
1407
What is the remainder when 64106 is divided by 1506?
854
Calculate the remainder when 1940722 is divided by 1739.
1737
What is the remainder when 15713307 is divided by 1428482?
5
Calculate the remainder when 15961405 is divided by 147.
145
Calculate the remainder when 944053 is divided by 631.
77
What is the remainder when 10903414 is divided by 144?
22
Calculate the remainder when 961239 is divided by 480589.
61
Calculate the remainder when 111553 is divided by 110840.
713
What is the remainder when 46408 is divided by 1802?
1358
Calculate the remainder when 9165407 is divided by 102.
95
What is the remainder when 390896 is divided by 390884?
12
Calculate the remainder when 1459984 is divided by 3133.
6
Calculate the remainder when 103385778 is divided by 1566451.
12
Calculate the remainder when 457851 is divided by 2915.
196
Calculate the remainder when 25624 is divided by 4038.
1396
What is the remainder when 101148 is divided by 4046?
4044
Calculate the remainder when 813385 is divided by 25.
10
Calculate the remainder when 4349365 is divided by 75.
40
What is the remainder when 5298609 is divided by 110386?
81
What is the remainder when 4887685 is divided by 122?
121
What is the remainder when 24525 is divided by 3987?
603
Calculate the remainder when 66964826 is divided by 1847.
1841
Calculate the remainder when 242514728 is divided by 18.
8
What is the remainder when 271228 is divided by 9341?
339
What is the remainder when 58971396 is divided by 86?
78
What is the remainder when 510103 is divided by 660?
583
What is the remainder when 165668 is divided by 55167?
167
What is the remainder when 332904 is divided by 532?
404
What is the remainder when 38405 is divided by 5842?
3353
Calculate the remainder when 22104157 is divided by 218853.
4
What is the remainder when 633366 is divided by 4825?
1291
Calculate the remainder when 6292253 is divided by 2527.
23
What is the remainder when 36857 is divided by 4518?
713
What is the remainder when 35295 is divided by 1179?
1104
Calculate the remainder when 150685 is divided by 1571.
1440
Calculate the remainder when 255110 is divided by 25496.
150
What is the remainder when 7184469 is divided by 124?
33
What is the remainder when 74922449 is divided by 7492240?
49
Calculate the remainder when 73895454 is divided by 3474.
0
Calculate the remainder when 3706266 is divided by 892.
6
What is the remainder when 137876 is divided by 1668?
1100
What is the remainder when 13255 is divided by 8642?
4613
Calculate the remainder when 1926537 is divided by 28.
25
What is the remainder when 2049865 is divided by 683008?
841
What is the remainder when 855867 is divided by 142?
33
Calculate the remainder when 8042638 is divided by 13.
6
What is the remainder when 298231 is divided by 27109?
32
Calculate the remainder when 489766 is divided by 1471.
1394
Calculate the remainder when 1938016 is divided by 140.
136
What is the remainder when 3398159 is divided by 128?
15
Calculate the remainder when 44648 is divided by 3189.
2
What is the remainder when 24666418 is divided by 2222?
2218
Calculate the remainder when 17042 is divided by 2837.
20
Calculate the remainder when 31775051 is divided by 21.
14
What is the remainder when 2200453 is divided by 763?
724
What is the remainder when 16710 is divided by 5042?
1584
Calculate the remainder when 310946070 is divided by 4662.
4656
What is the remainder when 1766243625 is divided by 51?
48
What is the remainder when 76178558 is divided by 6348213?
2
Calculate the remainder when 58918501 is divided by 44534.
19
What is the remainder when 638907 is divided by 492?
291
Calculate the remainder when 16392 is divided by 6.
0
What is the remainder when 807819 is divided by 9726?
561
What is the remainder when 1269158 is divided by 9332?
6
Calculate the remainder when 186441 is divided by 52.
21
Calculate the remainder when 523954183 is divided by 14.
11
What is the remainder when 117767125 is divided by 2185?
2180
What is the remainder when 4569743 is divided by 227?
6
Calculate the remainder when 116475 is divided by 14254.
2443
What is the remainder when 9319561 is divided by 4659755?
51
Calculate the remainder when 41698898 is divided by 20849345.
208
Calculate the remainder when 1061630 is divided by 11077.
9315
What is the remainder when 11402246 is divided by 2908?
2886
Calculate the remainder when 385877 is divided by 457.
169
Calculate the remainder when 19038022 is divided by 159.
157
What is the remainder when 102917 is divided by 20582?
7
Calculate the remainder when 616386 is divided by 26799.
9
What is the remainder when 145749 is divided by 498?
333
Calculate the remainder when 1713188 is divided by 21.
8
Calculate the remainder when 1867016 is divided by 133352.
88
What is the remainder when 34278 is divided by 6025?
4153
What is the remainder when 696252218 is divided by 17?
14
What is the remainder when 14223034 is divided by 313?
1
What is the remainder when 684831 is divided by 1110?
1071
What is the remainder when 5725329 is divided by 77?
71
What is the remainder when 4280909 is divided by 2140450?
9
What is the remainder when 13169 is divided by 4227?
488
What is the remainder when 15912777 is divided by 109?
85
Calculate the remainder when 25383 is divided by 8806.
7771
Calculate the remainder when 1836886 is divided by 39082.
32
What is the remainder when 651168 is divided by 185?
153
Calculate the remainder when 131444 is divided by 26280.
44
Calculate the remainder when 68690415 is divided by 5683.
5677
Calculate the remainder when 66344 is divided by 1354.
1352
Calculate the remainder when 968956 is divided by 504.
268
What is the remainder when 40734 is divided by 4409?
1053
Calculate the remainder when 861551 is divided by 861492.
59
What is the remainder when 395073604 is divided by 2906?
2904
Calculate the remainder when 119470 is divided by 39810.
40
What is the remainder when 46056433 is divided by 371?
122
What is the remainder when 7675445 is divided by 323?
319
What is the remainder when 342474 is divided by 192?
138
Calculate the remainder when 573538 is divided by 4154.
286
What is the remainder when 6168998 is divided by 3084496?
6
Calculate the remainder when 162334 is divided by 492.
466
What is the remainder when 12829 is divided by 3611?
1996
Calculate the remainder when 14403073 is divided by 7.
6
Calculate the remainder when 16183994 is divided by 7616.
7610
Calculate the remainder when 414290108 is divided by 130.
128
Calculate the remainder when 36971856 is divided by 1568.
1552
Calculate the remainder when 435312 is divided by 1533.
1473
Calculate the remainder when 9014545 is divided by 693426.
7
Calculate the remainder when 39086 is divided by 17620.
3846
Calculate the remainder when 21549534 is divided by 142.
40
Calculate the remainder when 2015928 is divided by 2055.
2028
Calculate the remainder when 484933 is divided by 53869.
112
What is the remainder when 679631 is divided by 52264?
199
What is the remainder when 949030 is divided by 530?
330
Calculate the remainder when 17254 is divided by 186.
142
Calculate the remainder when 2698193 is divided by 500.
193
Calculate the remainder when 370848 is divided by 16123.
19
Calculate the remainder when 179501 is divided by 2182.
577
Calculate the remainder when 2784145 is divided by 75244.
117
Calculate the remainder when 372071465 is divided by 12819.
12809
Calculate the remainder when 7550 is divided by 7075.
475
What is the remainder when 3296445 is divided by 50?
45
Calculate the remainder when 42455010 is divided by 4568.
18
Calculate the remainder when 236067 is divided by 118028.
11
What is the remainder when 661183 is divided by 19446?
19
What is the remainder when 90682 is divided by 838?
178
What is the remainder when 20043311 is divided by 8?
7
Calculate the remainder when 135521435 is divided by 179.
177
Calculate 